{"id":6861,"date":"2021-05-20T17:13:29","date_gmt":"2021-05-20T15:13:29","guid":{"rendered":"http:\/\/dfqggnz.cluster026.hosting.ovh.net\/?page_id=6861"},"modified":"2021-06-04T15:18:21","modified_gmt":"2021-06-04T13:18:21","slug":"politique-de-confidentialite","status":"publish","type":"page","link":"https:\/\/www.capsauto.fr\/index.php\/politique-de-confidentialite\/","title":{"rendered":"Politique de confidentialit\u00e9"},"content":{"rendered":"\t\t<div data-elementor-type=\"wp-page\" data-elementor-id=\"6861\" class=\"elementor elementor-6861\" data-elementor-settings=\"[]\">\n\t\t\t\t\t\t\t<div class=\"elementor-section-wrap\">\n\t\t\t\t\t\t\t<section class=\"elementor-section elementor-top-section elementor-element elementor-element-97ab58d elementor-section-boxed elementor-section-height-default elementor-section-height-default\" data-id=\"97ab58d\" data-element_type=\"section\" data-settings=\"{&quot;background_background&quot;:&quot;classic&quot;}\">\n\t\t\t\t\t\t\t<div class=\"elementor-background-overlay\"><\/div>\n\t\t\t\t\t\t\t<div class=\"elementor-container elementor-column-gap-no\">\n\t\t\t\t\t<div class=\"elementor-column elementor-col-16 elementor-top-column elementor-element elementor-element-fded08f\" data-id=\"fded08f\" data-element_type=\"column\">\n\t\t\t<div class=\"elementor-widget-wrap\">\n\t\t\t\t\t\t\t\t\t<\/div>\n\t\t<\/div>\n\t\t\t\t<div class=\"elementor-column elementor-col-66 elementor-top-column elementor-element elementor-element-8829eec\" data-id=\"8829eec\" data-element_type=\"column\">\n\t\t\t<div class=\"elementor-widget-wrap elementor-element-populated\">\n\t\t\t\t\t\t\t\t<div class=\"elementor-element elementor-element-1deaedb elementor-widget elementor-widget-heading\" data-id=\"1deaedb\" data-element_type=\"widget\" data-widget_type=\"heading.default\">\n\t\t\t\t<div class=\"elementor-widget-container\">\n\t\t\t<h1 class=\"elementor-heading-title elementor-size-default\">Mentions l\u00e9gales<\/h1>\t\t<\/div>\n\t\t\t\t<\/div>\n\t\t\t\t\t<\/div>\n\t\t<\/div>\n\t\t\t\t<div class=\"elementor-column elementor-col-16 elementor-top-column elementor-element elementor-element-4a8462d\" data-id=\"4a8462d\" data-element_type=\"column\">\n\t\t\t<div class=\"elementor-widget-wrap\">\n\t\t\t\t\t\t\t\t\t<\/div>\n\t\t<\/div>\n\t\t\t\t\t\t\t<\/div>\n\t\t<\/section>\n\t\t\t\t<section class=\"elementor-section elementor-top-section elementor-element elementor-element-605c1eb elementor-section-content-middle elementor-section-boxed elementor-section-height-default elementor-section-height-default\" data-id=\"605c1eb\" data-element_type=\"section\">\n\t\t\t\t\t\t<div class=\"elementor-container elementor-column-gap-wider\">\n\t\t\t\t\t<div class=\"elementor-column elementor-col-100 elementor-top-column elementor-element elementor-element-c4ae695\" data-id=\"c4ae695\" data-element_type=\"column\">\n\t\t\t<div class=\"elementor-widget-wrap elementor-element-populated\">\n\t\t\t\t\t\t\t\t<div class=\"elementor-element elementor-element-dc18c22 elementor-widget elementor-widget-heading\" data-id=\"dc18c22\" data-element_type=\"widget\" data-widget_type=\"heading.default\">\n\t\t\t\t<div class=\"elementor-widget-container\">\n\t\t\t<h2 class=\"elementor-heading-title elementor-size-default\">Politique g\u00e9n\u00e9rale de protection des donn\u00e9es \u00e0 caract\u00e8re personnel<\/h2>\t\t<\/div>\n\t\t\t\t<\/div>\n\t\t\t\t<div class=\"elementor-element elementor-element-b7966e1 elementor-widget elementor-widget-text-editor\" data-id=\"b7966e1\" data-element_type=\"widget\" data-widget_type=\"text-editor.default\">\n\t\t\t\t<div class=\"elementor-widget-container\">\n\t\t\t\t\t\t\t<p>La pr\u00e9sente politique t\u00e9moigne des engagements mis en \u0153uvre dans le cadre des activit\u00e9s quotidiennes pour une utilisation responsable des donn\u00e9es personnelles.\u00a0<\/p><p>Le respect des libert\u00e9s et droits fondamentaux, et notamment de la vie priv\u00e9e et de la protection des donn\u00e9es \u00e0 caract\u00e8re personnel constituent des valeurs auxquelles s\u2019attachent particuli\u00e8rement les entreprises du Groupe Groupama.\u00a0Ces valeurs se traduisent dans nos activit\u00e9s quotidiennes, notamment par la mise en \u0153uvre de Politiques de protection des donn\u00e9es personnelles pour une utilisation responsable des donn\u00e9es conforme au R\u00e8glement G\u00e9n\u00e9ral sur la Protection des Donn\u00e9es (RGPD).<\/p>\t\t\t\t\t\t<\/div>\n\t\t\t\t<\/div>\n\t\t\t\t<div class=\"elementor-element elementor-element-124ee9f elementor-widget elementor-widget-text-editor\" data-id=\"124ee9f\" data-element_type=\"widget\" data-widget_type=\"text-editor.default\">\n\t\t\t\t<div class=\"elementor-widget-container\">\n\t\t\t\t\t\t\t<p><strong>Un D\u00e9l\u00e9gu\u00e9 \u00e0 la Protection des Donn\u00e9es\u00a0(DPO)<\/strong><\/p>\t\t\t\t\t\t<\/div>\n\t\t\t\t<\/div>\n\t\t\t\t\t<\/div>\n\t\t<\/div>\n\t\t\t\t\t\t\t<\/div>\n\t\t<\/section>\n\t\t\t\t<section class=\"elementor-section elementor-top-section elementor-element elementor-element-ebd438f elementor-section-content-middle elementor-section-boxed elementor-section-height-default elementor-section-height-default\" data-id=\"ebd438f\" data-element_type=\"section\">\n\t\t\t\t\t\t<div class=\"elementor-container elementor-column-gap-wider\">\n\t\t\t\t\t<div class=\"elementor-column elementor-col-100 elementor-top-column elementor-element elementor-element-b4c8552\" data-id=\"b4c8552\" data-element_type=\"column\">\n\t\t\t<div class=\"elementor-widget-wrap elementor-element-populated\">\n\t\t\t\t\t\t\t\t<div class=\"elementor-element elementor-element-cf52950 elementor-widget elementor-widget-text-editor\" data-id=\"cf52950\" data-element_type=\"widget\" data-widget_type=\"text-editor.default\">\n\t\t\t\t<div class=\"elementor-widget-container\">\n\t\t\t\t\t\t\t<p>Afin de pr\u00e9server la vie priv\u00e9e et la protection des donn\u00e9es \u00e0 caract\u00e8re personnel de tous, le groupe Groupama a d\u00e9sign\u00e9 depuis 2007 un Correspondant Informatique et Libert\u00e9s (CIL). Aujourd\u2019hui appel\u00e9 \u00ab D\u00e9l\u00e9gu\u00e9 \u00e0 la Protection des Donn\u00e9es \u00bb ou \u00ab Data Protection Officer \u00bb (DPO), le DPO exerce ses missions en toute ind\u00e9pendance et pour l\u2019ensemble des entreprises fran\u00e7aises du Groupe.<\/p><p>Le DPO est un gage de confiance. Interlocuteur sp\u00e9cialis\u00e9 dans la protection des donn\u00e9es personnelles, charg\u00e9 de veiller \u00e0 la bonne application des r\u00e8gles de protection des donn\u00e9es, interlocuteur privil\u00e9gi\u00e9 de la Commission Nationale de l\u2019Informatique et des Libert\u00e9s (CNIL) et de toutes personnes concern\u00e9es par une collecte ou un traitement de donn\u00e9es \u00e0 caract\u00e8re personnel.<\/p>\t\t\t\t\t\t<\/div>\n\t\t\t\t<\/div>\n\t\t\t\t<div class=\"elementor-element elementor-element-d88ec3b elementor-widget elementor-widget-text-editor\" data-id=\"d88ec3b\" data-element_type=\"widget\" data-widget_type=\"text-editor.default\">\n\t\t\t\t<div class=\"elementor-widget-container\">\n\t\t\t\t\t\t\t<p><strong>Principes applicables \u00e0 la protection des donn\u00e9es personnelles<\/strong><\/p>\t\t\t\t\t\t<\/div>\n\t\t\t\t<\/div>\n\t\t\t\t<div class=\"elementor-element elementor-element-7019b4c elementor-widget elementor-widget-text-editor\" data-id=\"7019b4c\" data-element_type=\"widget\" data-widget_type=\"text-editor.default\">\n\t\t\t\t<div class=\"elementor-widget-container\">\n\t\t\t\t\t\t\t<p>Les entreprises du groupe Groupama traitent les donn\u00e9es personnelles dans le respect des lois et r\u00e9glementations en vigueur, et notamment du R\u00e8glement G\u00e9n\u00e9ral sur la Protection des Donn\u00e9es (RGPD), de la loi Informatique et Libert\u00e9s du 6 janvier 1978 modifi\u00e9e et des r\u00e9f\u00e9rentiels \u00e9dict\u00e9s par la CNIL.<\/p><p>Des Politiques de Gouvernance des Donn\u00e9es Personnelles sont mises en \u0153uvre dans les entreprises et le respect de leurs dispositions est contr\u00f4l\u00e9.<\/p>\t\t\t\t\t\t<\/div>\n\t\t\t\t<\/div>\n\t\t\t\t<div class=\"elementor-element elementor-element-931b945 elementor-widget elementor-widget-text-editor\" data-id=\"931b945\" data-element_type=\"widget\" data-widget_type=\"text-editor.default\">\n\t\t\t\t<div class=\"elementor-widget-container\">\n\t\t\t\t\t\t\t<ol>\n\t<li><em> \u00a0Finalit\u00e9\u00a0d\u00e9termin\u00e9e, explicite et l\u00e9gitime du traitement\u00a0:<\/em><\/li>\nLes donn\u00e9es personnelles sont collect\u00e9es pour des objectifs pr\u00e9cis (finalit\u00e9s), port\u00e9s \u00e0 la connaissance des personnes concern\u00e9es. Ces donn\u00e9es ne peuvent \u00eatre utilis\u00e9es ult\u00e9rieurement de mani\u00e8re incompatible avec ces finalit\u00e9s.\nCes donn\u00e9es sont collect\u00e9es loyalement ; aucune collecte n\u2019est effectu\u00e9e \u00e0 l\u2019insu des personnes et sans qu\u2019elles en soient inform\u00e9es.\n\t\n\t<li><em>Proportion et pertinence des donn\u00e9es collect\u00e9es\u00a0:<\/em><\/li>\nLes donn\u00e9es personnelles collect\u00e9es sont strictement n\u00e9cessaires \u00e0 l\u2019objectif poursuivi par la collecte. Les entreprises du Groupe Groupama s\u2019attachent \u00e0 minimiser les donn\u00e9es collect\u00e9es, \u00e0 les tenir exactes et \u00e0 jour en facilitant les droits des personnes concern\u00e9es.\n\t\n <li><em> \u00a0Dur\u00e9e de conservation limit\u00e9e des donn\u00e9es \u00e0 caract\u00e8re personnel\u00a0:<\/em><\/li>\n\t Les donn\u00e9es \u00e0 caract\u00e8re personnel sont conserv\u00e9es pendant une dur\u00e9e limit\u00e9e qui n\u2019exc\u00e8de pas la dur\u00e9e n\u00e9cessaire aux finalit\u00e9s de collecte.\nLes d\u00e9lais de conservation des donn\u00e9es sont port\u00e9s \u00e0 la connaissance des personnes, et varient selon la nature des donn\u00e9es, la finalit\u00e9 des traitements, ou les exigences l\u00e9gales ou r\u00e9glementaires.\n\t\n \t<li><em> \u00a0Confidentialit\u00e9 \/ S\u00e9curit\u00e9 des donn\u00e9es\u00a0:<\/em><\/li>\n\tDes Politiques de S\u00e9curit\u00e9 des Syst\u00e8mes d\u2019Information (PSSI) sont mises en \u0153uvre, adapt\u00e9es \u00e0 la nature des donn\u00e9es trait\u00e9es et aux activit\u00e9s de l\u2019entreprise.\nDes mesures de s\u00e9curit\u00e9 physiques, logiques et organisationnelles appropri\u00e9es sont pr\u00e9vues pour garantir la confidentialit\u00e9 des donn\u00e9es, et notamment \u00e9viter tout acc\u00e8s non autoris\u00e9.\nLes entreprises du Groupe Groupama exigent \u00e9galement de tout sous-traitant qu\u2019il pr\u00e9sente des garanties appropri\u00e9es pour assurer la s\u00e9curit\u00e9 et la confidentialit\u00e9 des donn\u00e9es personnelles.\nDes donn\u00e9es \u00e0 caract\u00e8re personnel peuvent faire l\u2019objet de transferts vers des pays situ\u00e9s dans l\u2019Union Europ\u00e9enne ou hors de l\u2019Union Europ\u00e9enne. Si tel est le cas, les personnes concern\u00e9es en sont pr\u00e9cis\u00e9ment inform\u00e9es, et des mesures sp\u00e9cifiques sont prises pour encadrer ces transferts.\n\t\n \t<li><em> \u00a0Droits des personnes\u00a0:<\/em><\/li>\nTous les moyens n\u00e9cessaires \u00e0 garantir l\u2019effectivit\u00e9 des droits des personnes sur leurs donn\u00e9es personnelles sont mis en \u0153uvre :<\/li>\n\n<ul>\n \t<li>Une information claire et compl\u00e8te sur les traitements de donn\u00e9es mis en \u0153uvre, facilement accessible et compr\u00e9hensible par tous.<\/li>\n \t<li>Un acc\u00e8s facilit\u00e9 aux donn\u00e9es : Toute personne dispose de droits sur les donn\u00e9es la concernant, qu\u2019elle peut exercer \u00e0 tout moment et gratuitement.<\/li>\n<\/ul>\nAinsi, les personnes peuvent acc\u00e9der \u00e0 toutes leurs donn\u00e9es personnelles, et dans certains cas les faire rectifier (donn\u00e9es inexactes, incompl\u00e8tes), supprimer, ou demander \u00e0 en limiter temporairement l\u2019utilisation. Les personnes disposent \u00e9galement d\u2019un droit \u00e0 la portabilit\u00e9 s\u2019agissant des donn\u00e9es qu\u2019elles ont personnellement fournies et d\u00e8s lors que ces donn\u00e9es ont \u00e9t\u00e9 fournies sur la base du consentement explicite de la personne ou de l\u2019ex\u00e9cution d\u2019un contrat.\n<\/ol>\t\t\t\t\t\t<\/div>\n\t\t\t\t<\/div>\n\t\t\t\t<div class=\"elementor-element elementor-element-1a184b7 elementor-widget elementor-widget-text-editor\" data-id=\"1a184b7\" data-element_type=\"widget\" data-widget_type=\"text-editor.default\">\n\t\t\t\t<div class=\"elementor-widget-container\">\n\t\t\t\t\t\t\t<p>Ces droits sont facilit\u00e9s en ligne ou possibles par tout autre moyen selon les modalit\u00e9s port\u00e9es \u00e0 la connaissance des personnes. Ces demandes peuvent \u00e9galement \u00eatre adress\u00e9es au DPO.<\/p>\t\t\t\t\t\t<\/div>\n\t\t\t\t<\/div>\n\t\t\t\t<div class=\"elementor-element elementor-element-ab9c7fe elementor-widget elementor-widget-text-editor\" data-id=\"ab9c7fe\" data-element_type=\"widget\" data-widget_type=\"text-editor.default\">\n\t\t\t\t<div class=\"elementor-widget-container\">\n\t\t\t\t\t\t\t<p><strong>Suivi de la Politique de Protection des Donn\u00e9es Personnelles<\/strong><\/p>\t\t\t\t\t\t<\/div>\n\t\t\t\t<\/div>\n\t\t\t\t<div class=\"elementor-element elementor-element-1de40f5 elementor-widget elementor-widget-text-editor\" data-id=\"1de40f5\" data-element_type=\"widget\" data-widget_type=\"text-editor.default\">\n\t\t\t\t<div class=\"elementor-widget-container\">\n\t\t\t\t\t\t\t<p>Cette politique, accessible \u00e0 tous sur les sites internet des entreprises du Groupe Groupama, est actualis\u00e9e r\u00e9guli\u00e8rement pour prendre en compte les \u00e9volutions l\u00e9gislatives et r\u00e9glementaires, et tout changement dans l\u2019organisation du Groupe Groupama ou dans les offres, produits et services propos\u00e9s.<br \/>La pr\u00e9sente Politique G\u00e9n\u00e9rale de Protection des Donn\u00e9es Personnelles est compl\u00e9t\u00e9e :<\/p><ul><li>D\u2019une information d\u00e9taill\u00e9e sur les finalit\u00e9s de traitements de donn\u00e9es mis en \u0153uvre, les destinataires des donn\u00e9es, leurs dur\u00e9es de conservation, et les modalit\u00e9s d\u2019exercice pratique des droits des personnes; <a href=\"\/index.php\/\/mentions-legales\/#art8\" target=\"_self\" rel=\"noopener\"><span><strong>cf. ARTICLE 8. CONFIDENTIALIT\u00c9 &#8211; DONN\u00c9ES <\/strong><\/span><\/a><\/li><li>D&#8217;une notice cookies;\u00a0<span><strong><a href=\"\/index.php\/\/mentions-legales\/#art12\" target=\"_self\" rel=\"noopener\">cf. ARTICLE 12. NOTICE COOKIES*<\/a><\/strong><\/span><\/li><li>Et s\u2019il y a lieu, de recommandations g\u00e9n\u00e9rales sur les r\u00e8gles de s\u00e9curit\u00e9 concernant les utilisateurs\/clients, notamment concernant les identifiants et mots de passe.<\/li><\/ul><p>Politique de Protection des Donn\u00e9es Personnelles valid\u00e9e le 23 mars 2017 par le DPO mutualis\u00e9 (actualis\u00e9e Mai 2018). Le DPO France.<\/p><p><span style=\"font-size: 16px;\">Pour contacter le DPO France : \u00e9crire \u00e0 Groupama Assurances Mutuelles \u2013 Data Protection Officer &#8211; 8-10, rue d&#8217;Astorg, 75383 Paris ou par mail \u00e0 <\/span><a href=\"mailto:contactdpo@groupama.com\" style=\"font-size: 16px;\">contactdpo@groupama.com<\/a><\/p>\t\t\t\t\t\t<\/div>\n\t\t\t\t<\/div>\n\t\t\t\t<div class=\"elementor-element elementor-element-fe0729d elementor-widget elementor-widget-spacer\" data-id=\"fe0729d\" data-element_type=\"widget\" data-widget_type=\"spacer.default\">\n\t\t\t\t<div class=\"elementor-widget-container\">\n\t\t\t\t\t<div class=\"elementor-spacer\">\n\t\t\t<div class=\"elementor-spacer-inner\"><\/div>\n\t\t<\/div>\n\t\t\t\t<\/div>\n\t\t\t\t<\/div>\n\t\t\t\t\t<\/div>\n\t\t<\/div>\n\t\t\t\t\t\t\t<\/div>\n\t\t<\/section>\n\t\t\t\t\t\t<\/div>\n\t\t\t\t\t<\/div>\n\t\t","protected":false},"excerpt":{"rendered":"<p>Mentions l\u00e9gales Politique g\u00e9n\u00e9rale de protection des donn\u00e9es \u00e0 caract\u00e8re personnel La pr\u00e9sente politique t\u00e9moigne des engagements mis en \u0153uvre dans le cadre des activit\u00e9s quotidiennes pour une utilisation responsable des donn\u00e9es personnelles.\u00a0 Le respect des libert\u00e9s et droits fondamentaux, et notamment de la vie priv\u00e9e et de la protection des donn\u00e9es \u00e0 caract\u00e8re personnel [&hellip;]<\/p>\n","protected":false},"author":1,"featured_media":0,"parent":0,"menu_order":0,"comment_status":"closed","ping_status":"closed","template":"","meta":[],"_links":{"self":[{"href":"https:\/\/www.capsauto.fr\/index.php\/wp-json\/wp\/v2\/pages\/6861"}],"collection":[{"href":"https:\/\/www.capsauto.fr\/index.php\/wp-json\/wp\/v2\/pages"}],"about":[{"href":"https:\/\/www.capsauto.fr\/index.php\/wp-json\/wp\/v2\/types\/page"}],"author":[{"embeddable":true,"href":"https:\/\/www.capsauto.fr\/index.php\/wp-json\/wp\/v2\/users\/1"}],"replies":[{"embeddable":true,"href":"https:\/\/www.capsauto.fr\/index.php\/wp-json\/wp\/v2\/comments?post=6861"}],"version-history":[{"count":46,"href":"https:\/\/www.capsauto.fr\/index.php\/wp-json\/wp\/v2\/pages\/6861\/revisions"}],"predecessor-version":[{"id":6978,"href":"https:\/\/www.capsauto.fr\/index.php\/wp-json\/wp\/v2\/pages\/6861\/revisions\/6978"}],"wp:attachment":[{"href":"https:\/\/www.capsauto.fr\/index.php\/wp-json\/wp\/v2\/media?parent=6861"}],"curies":[{"name":"wp","href":"https:\/\/api.w.org\/{rel}","templated":true}]}}